ppose f = -0*h + h + 6, 0 = 2*h - 5*f + 9. Let j = h - -11. Let q(y) = 2*y**3 - 2*y**2 - 3*y + 5. Is q(j) composite?
False
Let h(s) = -10*s**3 + 3*s - 2. Suppose -3*q + 12 = -7*q. Is h(q) prime?
False
Let r(o) = 609*o**2 - 6*o + 44. Is r(-7) a prime number?
True
Let p(x) be the first derivative of -x**4/4 + 5*x**3 + 5*x**2 - x + 3. Let w be p(13). Let y = w + -264. Is y a composite number?
True
Let i be ((-4)/(-3))/((-16)/24) + 4. Suppose 2*v = -i*k + 2168, -v = -4*k - 0*k - 1069. Is v composite?
True
Is 977074/77 - (-3)/(-11) composite?
False
Let s = 61 - 65. Is (-2902 + 5)*(2 - (-1 - s)) prime?
True
Suppose -5*m = -10 - 5. Suppose -t = -3*r - 7 + 6, m = -5*r + t. Is 49 - (0 + 1 - r) a prime number?
True
Let o(i) = -145*i + 8. Suppose -6*m - 20 = -m. Let x be o(m). Suppose 0 = 2*r - x + 122. Is r prime?
True
Let v be -5 - -5 - 2*34/(-4). Suppose 19*k - v*k = 986. Is k a composite number?
True
Is (-3651)/(-6)*(0 + 2) a prime number?
True
Suppose -17 = -6*a + 1. Let s(n) = 75*n**2 - 5*n + 2. Is s(a) a composite number?
True
Suppose 4*d = -9 - 11. Let j(v) = 9*v**2 + 17*v + 1. Let a(p) = 5*p**2 + 9*p. Let u(b) = d*a(b) + 3*j(b). Is u(-5) prime?
True
Is (-399038)/(-19) - (-8 + -1) a prime number?
True
Suppose 8 + 68 = p. Suppose 2*d - 3*j = 395, d + 3*j - 108 - p = 0. Let i = d + -126. Is i a composite number?
False
Let l(h) = h**3 + 12*h**2 - 11. Let k be l(13). Suppose 7*t - 3*t = -5*u + 3363, -5*t + 4*u = -k. Suppose -t = -3*j + 301. Is j prime?
False
Suppose 17*u - 1220 = 15*u. Suppose 7*o - 12*o = u. Let s = o + 237. Is s a composite number?
True
Suppose -61*h - 2*z = -65*h + 14376, 0 = h - 3*z - 3599. Is h composite?
False
Suppose -5*z = -62 + 7. Suppose -z*a + 9*a = -958. Is a composite?
False
Let z(u) = -u**3 + 25*u**2 - 57*u + 53. Is z(22) a prime number?
True
Is (-32451)/(-12) - (-3)/4 a composite number?
True
Suppose -2*d + 8 = -2*w - 2, -5*w - 23 = -4*d. Suppose -n - 4 = -d*n. Suppose -u + 949 = n*i, 4*i - 3*u + 0*u = 945. Is i composite?
True
Suppose 4*b + 39429 - 141065 = 0. Is b prime?
True
Let n(b) = 618*b + 2. Let k be n(1). Suppose 0 = 5*p - 10, -4*p = q - 9*p - k. Suppose 4*u + 3*v = 847, 2*u - q = -u + 3*v. Is u composite?
False
Suppose -3*u = -607 - 2576. Is u prime?
True
Suppose 2673 = 8*s + s. Let c = s - 80. Is c a prime number?
False
Suppose 3*g = -2*g + 190. Let x = 69 - g. Is x composite?
False
Suppose 4*x + 13 = -2*a - x, 0 = -a + x - 3. Let t be a/(0 - (-1 + 2)). Suppose -1 + 9 = t*j, 2*j + 880 = 4*k. Is k composite?
True
Let c(q) = 4*q + 2*q + 7*q - 3. Suppose -73 = -5*s - 53. Is c(s) composite?
True
Suppose l + 118 = 2451. Is l prime?
True
Let q(t) = -1844*t - 335. Is q(-17) a composite number?
False
Suppose 0 = -t - 2230 + 22207. Is t composite?
True
Let l(k) = -k**3 + 4*k**2 - 3. Let y be l(4). Is (-870 + -4)*-1 - y composite?
False
Let l(c) = -c + 5. Let b be l(5). Suppose b*g - 18 = 6*g. Is g/(-2) - 72/(-16) a composite number?
True
Suppose -847 = -2*r - 211. Let f = r - -11. Is f a prime number?
False
Suppose 0 = 108*k - 110*k + 3232. Suppose 2931 = j - k. Is j prime?
True
Suppose v - 5*v = -46660. Is v a composite number?
True
Let z(h) = -376*h**3 - 5*h**2 - 7*h + 17. Is z(-4) a composite number?
False
Is 2 + 7039 + (-5 - -7) a prime number?
True
Let k(y) = -y**2 + 4. Suppose 6*s = 5*s. Let w be k(s). Suppose 0*h + 593 = 3*b + w*h, -2*b - 2*h + 398 = 0. Is b composite?
True
Let w(p) = 24*p**2 + 458*p + 7. Is w(8) composite?
True
Suppose 33 = 3*c + 12. Suppose c*r = 3*r - 24. Let q = r - -161. Is q a prime number?
False
Is (-24)/30 - 30159/(-5) a prime number?
False
Is 0 + -1 + (12601 - -37) a prime number?
True
Let v be 24/((-4)/108*-3). Let p = v - 674. Let s = p + 671. Is s a prime number?
False
Let c(k) = 62*k - 3. Let p(i) be the second derivative of 125*i**3/6 - 7*i**2/2 + 5*i. Let u(m) = -9*c(m) + 4*p(m). Is u(-5) prime?
False
Suppose 2*l + 2 = -0*l. Let i be -278*((-4)/(-8))/l. Suppose t - 196 = i. Is t a composite number?
True
Let s(x) = -x**2 + 9*x - 4. Let o be s(8). Suppose -6 = -o*j - 2. Let y = j + 12. Is y composite?
False
Suppose 7*a - 9781 = 3484. Is a composite?
True
Let c(d) = -d**3 + 7*d**2 - 2*d + 1. Let y be ((-6)/4)/((-8)/16). Is c(y) a prime number?
True
Let o(n) = -143*n**3 + 16*n**2 - 25. Is o(-6) composite?
True
Let m(i) = -5*i - 1. Let s be m(1). Let w be (-523)/(-3) - 4/s. Let d = w - 122. Is d prime?
True
Suppose 3*i = 5*k + 2297, -5*k + 3051 = 6*i - 2*i. Let b be (-17)/(-4 - i/(-192)). Suppose -4*w - 3*y + b = y, 4*y - 4 = 0. Is w composite?
True
Is (-1)/5 - ((-102)/10 - -1) prime?
False
Let l = -6912 + 12121. Is l composite?
False
Let l = 399 + -212. Is l prime?
False
Let d = 32155 - 6289. Is (2/(-6))/((-18)/d) prime?
True
Suppose -105 = -4*g + 959. Let k = 63 + g. Is k a composite number?
True
Suppose 3*v - 1047 - 870 = 0. Let b = -426 + v. Suppose 8*x - 5*x = b. Is x a composite number?
False
Let p(g) = -g**3 + 9*g**2 - 4*g - 15. Let b be p(8). Suppose l + 1 = -5. Let t = b + l. Is t a composite number?
False
Suppose -2*j = -2*h - 0*h + 16, 5*j = -h - 22. Let y = j + 4. Let k(x) = -54*x**3 + 2*x**2 + 3*x + 2. Is k(y) a composite number?
True
Suppose 0 = -4*n - 9 + 21. Suppose 0 = n*s - 8*s + 60. Is 1469/9 - s/54 a prime number?
True
Suppose -10*n + 12*n = r + 74, 4*r = 5*n - 296. Let a be -861 + 0 + 4/2. Let p = r - a. Is p a prime number?
False
Suppose 0 = 2*w - 5*k - 4431, 3*k - 7*k - 20 = 0. Is w a composite number?
False
Let p(d) = -d**2 + 10*d - 4. Let z(m) = 11*m - 4. Let r(c) = -6*p(c) + 5*z(c). Suppose 2*i + 3*k - 27 = -2*i, 2 = -i + k. Is r(i) a composite number?
False
Let t(b) = 2*b**3 - 2*b**2 - 6*b - 5. Let w(u) = -5*u**3 + 5*u**2 + 13*u + 10. Let d be (-14 - 0)/(2 - 4). Let q(l) = d*t(l) + 3*w(l). Is q(-4) prime?
False
Is (-5)/2*(-3 + (-130239)/45) a prime number?
True
Suppose -3*h + 1877 = -4*a, 2*a = -2*h + 3*a + 1258. Is h a composite number?
False
Let v be (-238)/(-70) - (-2)/(-5). Let w(c) = 2*c - 8. Let k be w(v). Is -291*-2*k/(-6) a composite number?
True
Is (23123 - 7)/((-16)/(-28)) composite?
True
Let h(c) = -c**2 + c - 1. Let k(o) = -13*o**3 - 4*o**2 + 3*o - 9. Let g(u) = 2*h(u) - k(u). Is g(3) a composite number?
False
Let z(w) = w**3 - 7*w**2 - 2*w + 17. Let k be z(7). Let q(m) = 286*m + 5. Is q(k) a prime number?
True
Let b(m) = -2*m + 6 + 2*m**2 - 5*m**2 + 5*m**2 - 13*m. Is b(13) a composite number?
False
Is (39 - 1)/(1184/(-304) - -4) a prime number?
False
Let h(j) be the second derivative of 11*j**4/6 - 11*j**3/6 + 3*j**2 - 22*j. Is h(5) a prime number?
False
Let l = 18 + -15. Suppose p - l = -i, -i - 4 = -2. Suppose 3*b + 2*c = 561, -130 - 244 = -2*b + p*c. Is b composite?
True
Let v(p) = -6*p**3 + 2*p**2 + 4*p - 3. Suppose 5*d = -5*m + d - 10, 3*d = -2*m - 11. Let r(i) = -i**2 + 2*i - 4. Let t be r(m). Is v(t) a prime number?
True
Is 1*-10*14481/(-45) a prime number?
False
Suppose 3*p - y - 274 = 0, -2*p + 490 = 3*p + 5*y. Let v(l) = 7*l**3. Let h be v(-2). Let w = p + h. Is w composite?
False
Is 6/2 + 3/((-9)/(-163560)) composite?
True
Suppose 0 = -5*w + p + 3249, -1951 = -3*w + 3*p - 2*p. Is w prime?
False
Let g(r) = -15*r - 17. Let q be g(-12). Suppose -5*y + y = 0. Suppose 2*i - 151 - q = y. Is i a prime number?
True
Let m(u) = 66*u**2 - u + 5. Is m(2) prime?
False
Suppose -5*m + 32918 + 6220 = 3*b, 5*b = m - 7822. Is m a composite number?
True
Let a = 12763 - -4374. Is a composite?
False
Let j be (1 - 1)*(-3)/6. Suppose j = 3*k - 647 + 158. Let q = 542 - k. Is q a composite number?
False
Let b(c) = -c - 9. Let x be b(-9). Suppose x*a - 3720 = -5*w - 5*a, -2*w + 1492 = 4*a. Let k = w + -411. Is k composite?
False
Let a(r) = -35*r + 2. Let k(p) = -2871*p + 165. Let m(o) = -165*a(o) + 2*k(o). Let b be m(2). Suppose 5*g - 329 - b = 0. Is g prime?
True
Suppose -764 = -3*z - 131. Is z composite?
False
Suppose -10 = -r + 3. Suppose 4*x - 1 + r = 0, -4*x = 5*w - 2753. Is w prime?
False
Let b = 653 - -18584. Is b composite?
False
Suppose -4*s = -9*s + 2*v + 92969, 4*s - 3*v - 74378 = 0. Is s a composite number?
False
Let d = 5577 + 4252. Is d a composite number?
False
Let r = 97208 + -51577. Is r a composite number?
False
Let j be (32/(-6))/((-20)/(-60)). Let y(t) be the first derivative of -t**3/3 - 10*t**2 - 9*t + 1. Is y(j) a prime number?
Fal